t is the highest common factor of 15060 and 16620?
60
What is the greatest common factor of 315264726 and 2254?
2254
What is the highest common divisor of 2282 and 85708008?
326
Calculate the greatest common factor of 26 and 222408810.
26
What is the highest common divisor of 160857 and 68855?
293
What is the greatest common factor of 296 and 25958?
2
What is the highest common divisor of 1632 and 376608?
96
What is the greatest common factor of 66220 and 326348?
44
What is the greatest common divisor of 231201411 and 129?
129
Calculate the highest common divisor of 495 and 112827.
33
What is the greatest common divisor of 2164 and 1137182?
1082
Calculate the highest common factor of 489058 and 508.
2
Calculate the greatest common divisor of 29309 and 4999278.
4187
Calculate the highest common divisor of 29780680 and 70.
10
Calculate the greatest common divisor of 77301 and 2086.
7
Calculate the greatest common divisor of 2215 and 163943668.
443
What is the highest common divisor of 49222494 and 2685?
537
Calculate the greatest common divisor of 662900800 and 10.
10
Calculate the greatest common factor of 39600 and 145675.
25
What is the highest common factor of 420 and 4942320?
60
Calculate the highest common factor of 28215 and 64313271.
5643
What is the highest common divisor of 9970911 and 2052?
27
What is the highest common divisor of 1666434 and 102?
6
What is the highest common divisor of 870 and 3349210?
290
What is the greatest common factor of 76 and 103096204?
76
What is the highest common factor of 167455 and 116095?
535
Calculate the greatest common factor of 2817527 and 51737.
389
Calculate the highest common factor of 775 and 2191400.
25
Calculate the greatest common divisor of 14765156 and 140.
28
Calculate the greatest common divisor of 15816330 and 14850.
270
Calculate the greatest common divisor of 804 and 3604533.
201
What is the greatest common divisor of 2329966 and 15196?
262
Calculate the greatest common factor of 4708 and 4383576.
428
Calculate the highest common factor of 35108786 and 618.
206
Calculate the greatest common divisor of 21062492 and 150.
2
Calculate the greatest common factor of 1504266 and 387081.
3147
What is the highest common divisor of 5491 and 245504055?
289
Calculate the greatest common factor of 101456938 and 182743.
4939
Calculate the highest common divisor of 469347 and 5438539.
1549
Calculate the highest common factor of 77557921 and 477.
53
What is the greatest common factor of 2790 and 3678165?
45
Calculate the greatest common divisor of 41854 and 924481.
1231
What is the greatest common factor of 3846080 and 136640?
2240
What is the greatest common divisor of 40031618 and 22?
22
What is the highest common factor of 10512860 and 7954?
194
Calculate the highest common factor of 480 and 194960280.
120
What is the greatest common factor of 5406940 and 13860?
1540
What is the greatest common divisor of 28737 and 298082?
103
What is the highest common factor of 6540 and 32490938?
218
Calculate the greatest common factor of 1135 and 13203001.
227
What is the greatest common divisor of 107107824 and 192?
48
Calculate the highest common factor of 721 and 1175814010.
721
Calculate the greatest common factor of 1320 and 20525989.
11
What is the greatest common divisor of 307839 and 112?
7
Calculate the greatest common factor of 78445 and 1827.
29
What is the greatest common divisor of 19520 and 44260?
20
Calculate the greatest common factor of 827424 and 4437.
153
Calculate the highest common factor of 2170 and 65646700.
70
What is the greatest common divisor of 2849 and 100751?
259
Calculate the highest common factor of 308208 and 816.
48
What is the highest common factor of 670 and 11508925?
335
Calculate the greatest common factor of 333180 and 66258.
54
What is the greatest common factor of 622 and 25836947?
311
Calculate the highest common factor of 2738340 and 792.
396
Calculate the greatest common divisor of 9588395 and 30.
5
What is the highest common divisor of 41384 and 166275?
739
Calculate the greatest common divisor of 81333 and 20979.
63
What is the highest common divisor of 9200619 and 18?
9
Calculate the highest common factor of 11 and 62087509.
11
What is the greatest common divisor of 210 and 26905445?
35
Calculate the highest common factor of 125562 and 2754.
102
Calculate the highest common divisor of 3458443 and 519.
173
What is the greatest common factor of 24 and 5850006?
6
What is the highest common divisor of 86939848 and 376?
376
What is the highest common divisor of 1263 and 1193577?
3
What is the highest common factor of 11624561 and 23959?
247
What is the highest common divisor of 45 and 6985145?
5
Calculate the highest common divisor of 7344 and 14121832.
136
What is the highest common divisor of 47975816 and 42?
14
What is the greatest common divisor of 27 and 51562737?
27
What is the highest common divisor of 8495927 and 638?
319
Calculate the highest common factor of 4473960 and 10120.
920
Calculate the highest common divisor of 41475 and 589575.
525
What is the greatest common factor of 1395 and 667709?
31
Calculate the highest common factor of 20882238 and 78.
78
What is the greatest common factor of 9280 and 3427220?
580
Calculate the greatest common factor of 64482 and 869.
11
What is the greatest common factor of 78018258 and 93?
93
What is the greatest common divisor of 470 and 203679482?
94
What is the highest common factor of 513 and 1459789?
19
Calculate the highest common divisor of 55 and 30422645.
55
What is the highest common divisor of 5890071 and 165?
33
Calculate the greatest common factor of 192854 and 134196.
422
What is the greatest common factor of 87 and 137721870?
87
Calculate the greatest common factor of 300634659 and 702.
351
What is the greatest common divisor of 6808 and 49695847?
851
What is the highest common factor of 5869263 and 75081?
2589
Calculate the highest common divisor of 91016 and 29016.
248
Calculate the highest common divisor of 261402 and 206055.
57
What is the highest common divisor of 4540 and 709960?
20
Calculate the greatest common divisor of 590 and 18360800.
590
Calculate the greatest common factor of 618464 and 36014.
22
Calculate the highest common factor of 544692359 and 23307.
7769
What is the greatest common factor of 15098787 and 30712?
3839
What is the highest common divisor of 362590 and 26?
2
Calculate the greatest common factor of 18275 and 5727725.
425
Calculate the highest common factor of 1533 and 845067783.
1533
What is the highest common divisor of 122294197 and 59?
59
Calculate the greatest common divisor of 504 and 3009993.
21
Calculate the highest common factor of 19388 and 285056.
524
Calculate the greatest common divisor of 432087416 and 8.
8
What is the greatest common factor of 9660529 and 2852?
23
Calculate the greatest common factor of 434492 and 551.
19
What is the highest common divisor of 96 and 74576016?
48
Calculate the highest common divisor of 9828 and 67362204.
1092
What is the greatest common factor of 171 and 128693439?
9
What is the greatest common factor of 141522 and 518502?
618
What is the greatest common factor of 1183268716 and 28?
28
What is the greatest common factor of 17877387 and 15125?
121
Calculate the highest common divisor of 25847162 and 3982.
3982
Calculate the highest common factor of 1002811 and 30747.
37
Calculate the greatest common factor of 803268 and 7542636.
5052
What is the greatest common divisor of 1302 and 2065127?
31
Calculate the highest common factor of 419019 and 27777.
591
Calculate the highest common divisor of 9180 and 745376985.
2295
What is the greatest common factor of 680 and 14680?
40
What is the highest common factor of 168 and 105119460?
12
Calculate the highest common divisor of 120790950 and 6375.
1275
Calculate the highest common factor of 33 and 242037312.
33
Calculate the highest common divisor of 26987500 and 530860.
2540
What is the greatest common factor of 7346 and 4189034462?
7346
What is the greatest common factor of 22178260 and 1235?
65
Calculate the greatest common divisor of 637920 and 194400.
1440
Calculate the highest common factor of 6499915 and 33810.
115
Calculate the greatest common divisor of 22406833 and 3230.
323
Wha